+ 7. Let j = -1 + 3. Let n(y) = -4*y**2 - y**3 - 4 + j + 3 - 4*y. Let u be n(-3). Give b(u).
3
Suppose 8 - 23 = -5*h. Let l(c) = -c**3 + 3*c**2 - c - 2. Determine l(h).
-5
Let o(q) = -q**2 - 6*q - 1. Let l(b) = 2*b**2 + 11*b + 2. Suppose -4 = -3*f - 16. Let j(h) = f*l(h) - 7*o(h). Calculate j(-3).
-4
Let b(k) = -3*k**2 - 9*k + 7. Let t(w) = 2*w**2 + 8*w - 6. Let z(g) = -3*b(g) - 4*t(g). Determine z(2).
-3
Let n(i) = i**2 + 5*i - 7. Let o be n(-7). Let p(k) = k + 1 - 5*k + o*k. Determine p(-3).
-8
Let b(i) = i**2 - 4*i + 4. Let d be b(3). Let q(o) = -2 + 2*o - 3 + d. Let s(y) = -2*y**3 - 4*y**2 - 3*y - 1. Let j be s(-2). Determine q(j).
6
Let i(a) = a - 6. Let r(x) = -x - 1. Let q = 16 - 11. Let p(y) = q*r(y) - i(y). Let g be (-2)/6 + 4/(-6). What is p(g)?
7
Suppose t + 1 = 4. Let i(j) = j**2 - j - j**t + 5 - 2*j - 6*j**2. Let p(m) = m + 1. Let s be p(-5). Calculate i(s).
1
Suppose 10 - 6 = -4*r. Let u(h) = 2*h**3 - h**2. What is u(r)?
-3
Let h = 20 + -18. Let a(z) = -z**h + 7*z - z**2 + z**2 - 7. What is a(5)?
3
Let q be ((-36)/8)/(-9)*-8. Let a(b) be the second derivative of -b**3/2 - 3*b**2 + b. Determine a(q).
6
Let y(h) = h**3 - h**2 + 2*h - 1. Let a be ((-3)/(-2))/((-6)/(-8)). Give y(a).
7
Let k(o) = o**3 - 6*o**2 - 8*o + 6. Let u be k(7). Let g be (-6)/(-2) + -9 - u. Let a(n) = n**2 + 5*n + 3. Give a(g).
3
Let z(j) = j**3 - j**2 + j - 1. Let w(d) = -3*d**3 - 8*d + 5. Let a(l) = w(l) + 4*z(l). Determine a(4).
-15
Let i be 2 - 2/(-2 - -1). Suppose 5*s = s + 8, i*m - s = 14. Let t(r) = -r + 5. What is t(m)?
1
Suppose 0 = -k + 5 + 8. Let d(n) = -14*n**2 + 17*n - 15. Let u(g) = -7*g**2 + 8*g - 7. Let r(c) = k*u(c) - 6*d(c). Suppose 0 = -2*j - 3*j + 5. Give r(j).
-6
Let z be 10/(-2)*3/3. Let s(c) = -c**2 - 2*c + 3. Determine s(z).
-12
Suppose 7 = 3*d - 5*g + 3, -g = -5*d + 14. Suppose d*w = 7 + 8. Suppose 5*s + w*z = 15 + 10, -3*s - 2*z = -15. Let q(j) = j**2 - 7*j + 4. Determine q(s).
-6
Let k(o) = -o + 2. Let f(l) = l - 2. Let x(g) = -5*f(g) - 4*k(g). Let r be x(2). Let i(v) = 32*v**2 - 6*v**2 - 14*v**2 - 13*v**2 + 1 + v. Calculate i(r).
1
Let n(l) = -2*l - 5. Let w = -206 + 200. Calculate n(w).
7
Let k(h) = 150*h + h**2 + 151*h + 1 - 296*h. Calculate k(-4).
-3
Let s(b) = 1 + 9*b - 23*b + 2*b + 7*b. Let v = -2 + 3. What is s(v)?
-4
Suppose -6 = y - 3*y. Let k(h) = 2*h**2 - 5*h + 2. Determine k(y).
5
Let i(n) = -n**3 + 5*n**2 - 4*n + 3. Let v be i(2). Let d(h) = -h**3 + 8*h**2 - 5*h - 9. Calculate d(v).
5
Let i(w) = -2*w - 5. Let f(m) = 2*m + 7. Let b(n) = -3*f(n) - 4*i(n). Determine b(4).
7
Let y = 14 + -10. Let u(v) be the third derivative of 0 + 2/3*v**3 - 1/8*v**4 + 0*v - 4*v**2. Calculate u(y).
-8
Suppose 4*y + 4*i - 28 = 0, 2*i + 3*i - 29 = -2*y. Let g(q) be the second derivative of -1/12*q**4 + 0*q**y - 1/2*q**3 + 0 - 2*q. What is g(-4)?
-4
Let a(r) be the third derivative of 0 - 6*r**2 + 0*r - 1/12*r**4 + 0*r**3. Give a(-3).
6
Let c(q) = 7*q**3 + q**2. Let f(n) = n**2 + 3*n - 1. Suppose -4*i - 20 + 8 = 0. Let t be f(i). Give c(t).
-6
Let r(a) be the third derivative of a**4/24 + a**3/3 + a**2. Suppose -13 = -3*g + 2. Give r(g).
7
Let d(g) = -3*g + 5. Let k(j) = -3*j + 5*j + 0*j**2 + j**2. Let s be k(-3). Suppose 0*a - 2*a = s*o - 20, 3*o - 3*a = 0. Give d(o).
-7
Let v be (-4 + 3)/(1/2). Let m(h) = -h**2 + 2*h**2 + h + h**3 - 1 + h. What is m(v)?
-9
Let z(y) = -y**2 + 12*y - 10. Let l(u) = -u**2 + 13*u - 11. Let s(m) = 2*l(m) - 3*z(m). Determine s(8).
-8
Let t(b) = -b + 4*b**2 + 0*b + 7 - 7*b**2 + 2*b**2 - b**3. Let v(m) = m**2 - 7*m - 5. Let x be v(8). Suppose o = -x*o. Calculate t(o).
7
Let x(p) = -3*p**2 + 3*p - 1. Let i(z) = -z**2. Let s(o) = 2*i(o) - x(o). Let j be (1/(-3))/(2/(-18)). Give s(j).
1
Let u be (2 - 2)/(0 + 1). Let v(t) = -t**3 - t + 12. Give v(u).
12
Let f(k) = -k - 4. Let g be f(-6). Suppose 0 = d - 3 - g. Let t = -4 + d. Let h(c) = 5*c**2. Determine h(t).
5
Let v(l) = -3*l + 0*l - 6 + l**3 - l - 4*l**2. Let o(s) be the first derivative of s**4/4 + 7*s**3/3 + 3*s**2 + 5*s - 4. Let t be o(-6). Give v(t).
-1
Let g(i) = -2. Let j(n) = 4*n**2 + n - 3. Let x(z) = 2*g(z) - j(z). Suppose 2*m + 2 = 0, 0 = s - 2*m + m. Give x(s).
-4
Suppose -2*r - 3 = -a, 4*a = r - 3*r - 8. Let z be 0*(0 - a/(-1)). Suppose z = y - 0 + 6. Let w(i) = i**3 + 5*i**2 - 8*i - 3. What is w(y)?
9
Suppose -2*b + 10 = 2*d + 2*d, 5*d = 3*b + 29. Let f(y) = -5*y**2 + 9*y - 6. Let a(w) = w**2 - w. Let t(r) = 4*a(r) + f(r). What is t(d)?
-2
Let b = 6 + -2. Suppose b = 3*o - 4*o. Let m(i) be the second derivative of i**3/3 + 3*i**2 - 2*i. Determine m(o).
-2
Let m = 3 + 0. Suppose -4*o = 5*j - 19 - 2, -11 = j - m*o. Let f(y) = -12*y**2 + 2*y - 1. Calculate f(j).
-11
Suppose 0*k = 5*q + 3*k - 15, -5*q - 4*k + 15 = 0. Let b(y) = y**2 - 2*y + 3. Give b(q).
6
Let o(n) be the second derivative of -n**7/1260 - 7*n**6/720 - n**5/24 + n**4/4 - 8*n. Let b(g) be the third derivative of o(g). Give b(-4).
-9
Let g(z) = -z**3 + 7*z**2 - 6*z + 6. Suppose -24*u + 12 = -22*u. Determine g(u).
6
Let g(w) be the second derivative of w**5/20 - w**4/4 - w**3 + 5*w**2/2 - w. Calculate g(4).
-3
Let j = 12 + -10. Suppose 4*v + 5*m = -30, 4*m = -j*v + 8*m - 2. Let l(g) = -g**2 - 5*g. Calculate l(v).
0
Let l(f) = f**2 - 1. Let g(i) = -5 + 0*i**2 - 2*i + 8 + i - 3*i**2. Let h(w) = -g(w) - 4*l(w). What is h(2)?
-1
Suppose -7*q = -6*q - 5. Let t(z) = z**2 - z - 5. Determine t(q).
15
Let c(w) = w**3 - 10*w**2 + w - 11. Suppose -8*a = -0*a - 80. Determine c(a).
-1
Suppose -17 = -3*p + 1. Suppose p*b = 2*b + 4. Let j(s) = -4*s**3 + s. Give j(b).
-3
Let d(w) be the third derivative of -w**4/24 - 7*w**3/6 + 7*w**2 - 2. Calculate d(-3).
-4
Let q(b) be the second derivative of -b**4/12 - 2*b**3 - b**2/2 - 7*b. What is q(-12)?
-1
Let y(d) = -15*d + 9*d - 4 + d**2 + 11*d. Let g(b) = b**3 + 4*b**2 + b - 1. Let l be g(-2). Suppose 0*o - o = l. What is y(o)?
-4
Let d(a) = a**3 - 2*a. Let r = 6 - 3. Suppose -11 = 5*g + 2*y, 0 = -4*g - y + r*y - 16. Let b be 0 + g - (1 + -2). Give d(b).
-4
Let g be 0/(4 - (4 + -1)). Let u(q) = q**2 - q - 5. What is u(g)?
-5
Let p(w) = w**3 + 2*w + 1. Let m(n) = -n**3 - 2*n - 1. Let i(v) = -6*m(v) - 5*p(v). Let r be (-5 - -2)*(-2)/(-3). Determine i(r).
-11
Let m(y) = -y**2 - 8*y - 7. Suppose 3*x = -q - 2*x - 11, -4*x - 4 = 0. Calculate m(q).
5
Let q(a) be the second derivative of 5*a**3/6 - 3*a**2/2 - a. Suppose -21*n = -26*n + 10. What is q(n)?
7
Let j = -8 - -15. Let m(o) = o**3 - 8*o**2 + 7*o + 5. What is m(j)?
5
Let a(u) = u**3 + 3*u**2 - u + 1. Suppose -2*j = y + 4, -y + 4*j = 3*y - 20. Suppose y*g - 3*c = g + 1, -4*c = g + 6. What is a(g)?
7
Let c be (9/6)/((-3)/(-4)). Let j(x) = 5*x**2 - 3*x**2 - 4*x**c + 1 - 7*x**3. Calculate j(-1).
6
Let n(h) be the third derivative of -h**4/12 - h**3/6 - h**2. Let u = -25 + 21. Calculate n(u).
7
Let w(l) be the second derivative of -1/2*l**2 + 4*l + 0*l**3 - 1/12*l**4 + 0. Let x(t) be the first derivative of w(t). Determine x(-3).
6
Suppose 8 = j + 3. Let q(x) = -x + 11. Let s be q(j). Let d(i) = -i**3 + 5*i**2 + 6*i + 5. Determine d(s).
5
Suppose 0 = z - 3*z. Let r be (-1)/1*(-1 - -1). Let v(x) = 3 + z*x + r - x**2 - 2*x - 5. Determine v(-2).
-2
Let z(r) be the third derivative of r**5/30 + 5*r**4/24 - 2*r**3/3 + 3*r**2. Calculate z(-4).
8
Suppose 0 = -3*m - 3*m. Let r(g) = -g + 17. What is r(m)?
17
Let a be -2 + 1/1 + 1. Suppose -3*w + 15 = -a*w. Let k(g) = -g - 3. Let h(p) = -2*p - 10. Let i(d) = 3*h(d) - 8*k(d). What is i(w)?
4
Let d be 9 - 0*3/(-3). Let n = -4 + d. Let m(l) = n - 3*l - l + 6*l. Determine m(-5).
-5
Suppose 0 = l - 2*l - 25. Let j be 5/1*(-15)/l. Let v(f) = 0 - 1 + 1 - j*f. Calculate v(-4).
12
Let z(x) be the first derivative of -x**4/4 - x**3 + 3*x**2 + x + 5. Give z(-4).
-7
Let u(m) = -m**3 - 6*m**2 + 6*m + 10. Let k be 2/7 - 612/84. Calculate u(k).
17
Let m(b) = -2*b + 2. Let k = -11 + 7. Calculate m(k).
10
Let v(z) be the first derivative of 2*z**3/3 + z**2/2 + z + 7. Calculate v(-1).
2
Let d be 6 + ((-14)/(-7) - 3). Let r(h) = h - 1. Let f(j) be the second derivative of -3*j**2 - 2*j. Let z(y) = f(y) - r(y). What is z(d)?
-10
Let w(z) = -8*z**2 + 1. Suppose -d - 54 + 55 = 0. Determine w(d).
-7
Let p(f) = -f**2 - 2*f - 1. Let y be -7*(3*-1 - 0). Suppose -2*t = 5*i + 2*t + 35, -2*i = 3*t + y. Dete